the greatest common divisor of u and 935?
17
Suppose 0*p = -q - 4*p + 120, 543 = 4*q - 5*p. Let w = -1 - -82. Let i = -69 + w. Calculate the greatest common factor of q and i.
12
Let l = 45 - 152. Let o = l - -302. Suppose -7*p + 15 = -o. What is the highest common factor of p and 20?
10
Suppose -3*x + 5*r - 748 = 0, r - 3*r = -3*x - 760. Let b = -214 - x. Let a(s) = s + 4. Let y be a(10). Calculate the greatest common factor of b and y.
14
Suppose 4*r - 15 = 2*r + 5*w, -5*w = r. Suppose -r*m = -6*m + 22. Calculate the greatest common divisor of 176 and m.
22
Let q be 9/((-135)/(-10)) - 1164/(-9). Suppose 132*t - 18 = q*t. Suppose 4*u = -5*y + 133, 2*u + 5*y - 33 = 46. Calculate the highest common factor of u and t.
9
Let d be (-127)/(-4) + 7/224*8. Calculate the greatest common factor of d and 3024.
16
Suppose -2*n = 4*c - 24, -1710 = -n - c - 1698. What is the greatest common factor of n and 8?
4
Let o(u) = u**3 - 5*u**2 + 1. Let a be o(4). Suppose 0 = 367*v - 343*v - 72. Let m be (a - 6)/(v/(-12)). Calculate the greatest common factor of 21 and m.
21
Let x = 268 - 213. Suppose 0 = 5*d - 210 + x. Calculate the greatest common divisor of 93 and d.
31
Let d be 28 + -13 + (-8 - -19). What is the highest common factor of d and 6656?
26
Let x(u) = 3*u + 94. Let j be x(-24). Suppose -5*s + 27 = j*s. Suppose 0*l + 4*l - c = 5, 0 = -3*l + 2*c + 5. What is the greatest common factor of s and l?
1
Let d = 1744 + -1742. Let w be 44 + (3 - (-7 + 4)). Calculate the greatest common divisor of w and d.
2
Let w(c) = c**3 + 12*c**2 - 12*c - 4. Let t be w(-14). Let p = t + 238. Calculate the highest common divisor of p and 20.
10
Suppose 18*j - 100254 = -40*j - 40*j. Calculate the highest common divisor of j and 3.
3
Let n be 354*(159/(-18) + 13). What is the greatest common factor of n and 50?
25
Let f(h) = -3*h + 24. Let v be f(6). Let w be (34/v)/((-3)/(-9)). Suppose w*p + 46 = 19*p. Calculate the greatest common divisor of 69 and p.
23
Let g = 110 + -10. Let o(u) = -u**3 - 4*u**2 + 4*u - 7. Let h be o(-5). Let x be (h - 38/(-8))*g. What is the highest common divisor of x and 25?
25
Suppose -5*p + 32*o = 34*o - 40, -3*p + 2*o + 8 = 0. Calculate the greatest common factor of p and 3246.
6
Suppose -4*v + 5*c + 20 = 6*c, 5*v = 4*c + 4. Let o be 0/(-5) + (319 - 3) + v. Calculate the highest common factor of o and 40.
40
Suppose -5*n - 76 = -1051. Let f be n/(-10) - 1/2. Let l(i) = -i**2 - 24*i - 17. Let v be l(f). What is the highest common factor of v and 9?
9
Let q = -200 - -291. Let w = q - 35. Calculate the greatest common divisor of 28 and w.
28
Let x = -6080 - -6521. Calculate the greatest common divisor of x and 693.
63
Suppose -11*i = -15*i + 2064. Suppose 0 = -i*k + 519*k - 135. What is the greatest common divisor of k and 5?
5
Suppose -3*w = -3*u - w + 3298, -2216 = -2*u - 3*w. Suppose 114 = 19*l - u. Let d = 205 - 109. Calculate the greatest common divisor of d and l.
32
Let b(p) = p**2 + 4*p + 13. Let w be b(0). Let n(i) = 5*i + 2. Let m be n(-3). Let d be m/((12/44)/(-3)). Calculate the highest common factor of w and d.
13
Let c = -254 + 989. Suppose 2*u + 33 = c. Calculate the highest common factor of 54 and u.
27
Let g = -1225 + 2359. Suppose 0 = -56*b + 59*b - g. Let s be (-140)/(-8)*12/5. What is the highest common factor of s and b?
42
Suppose -4884 = 16*x - 852. Let k = 270 + x. What is the highest common divisor of 414 and k?
18
Let h(o) = -43*o + 594. Let s be h(11). Calculate the greatest common factor of s and 319.
11
Let k(z) = -38*z + 1761. Let r be k(46). Calculate the highest common factor of 325 and r.
13
Let u(d) = d**3 - 25*d**2 + 82*d + 61. Let t be u(21). Let q = 21 + -1. Suppose -t*z - 27 = -q*z. Calculate the greatest common divisor of z and 216.
27
Let o be -1 + (1 - -7 - 1). Let q(a) = 37*a - 202. Let t be q(o). What is the highest common divisor of t and 16?
4
Suppose 313 = 3*w - 2. Let n = w + -100. What is the highest common factor of 60 and n?
5
Let s be ((-32)/24 - -1)/(2/(-30)). Suppose -256 = -s*p - 56. What is the greatest common divisor of 120 and p?
40
Suppose -2*t + 5*r + 1151 = -700, -5*r - 15 = 0. What is the highest common divisor of 34 and t?
34
Suppose 109*a - 4605 = 2148 - 1848. Let w = 3 + 7. What is the highest common divisor of a and w?
5
Let s(r) = -r**3 + 2*r**2 + 2. Let k be s(2). Let t be (100/k)/(22 + -21). Calculate the highest common divisor of t and 550.
50
Suppose -234 = 9*o + 171. Let w = -54 - o. Let i be 122 - 12/w*12/(-8). What is the highest common factor of i and 48?
24
Let x = 693 - 223. Suppose -35*n = -x - 300. Calculate the greatest common divisor of n and 352.
22
Suppose 5*c - 5*l = 975, 3*l + 222 + 166 = 2*c. What is the highest common factor of 29353 and c?
197
Suppose -3*o - 750 = -2*s, 2*s = -4*o - 0*o - 1014. Suppose 4*j - 834 - 774 = 0. Let v = j + o. What is the greatest common divisor of v and 25?
25
Suppose 14*q = 16*q. Suppose 5*p + 2*l - 175 = q, 4*l = 4*p - 5*p + 35. Let o be (-6)/(7/3*(-10)/p). Calculate the highest common divisor of 36 and o.
9
Suppose -b = -6*b. Suppose 5*o - 16 - 7 = -2*s, o = 5*s - 17. Suppose -4*g = -b*g - o*l, -5 = 5*g - 5*l. Calculate the highest common factor of 9 and g.
3
Let l be 0*(3 - (-1 + 3)) + 5. Suppose h - 11 = -l*b - 2*h, -3*b = 3*h - 3. Suppose -b*t + 60 = -4. Calculate the highest common divisor of t and 80.
16
Let w be 4/(-9) - (1186174/(-306) + (-27)/459). What is the greatest common factor of 153 and w?
51
Suppose -77*a + 82*a - 3*y - 83 = 0, y + 17 = a. Let k(f) = 11*f**3 - 4*f**2 + 5*f - 4. Let v be k(3). What is the greatest common divisor of v and a?
16
Let r(m) = m**3 - 11*m**2 + 30*m - 87. Let i be r(9). Suppose i + 133 = 7*v. What is the greatest common factor of v and 550?
22
Let t = -71 - -68. Let z be (12/5)/t*(-10)/(-2). Let p be 1*(-24)/(12/z). What is the greatest common factor of p and 8?
8
Suppose 66 = 2*s - 3*t, -2*s + 69*t - 71*t = -36. Calculate the greatest common divisor of 57 and s.
3
Suppose 0 = -4*b + 13 + 15. Let h(u) = -194*u + 45979. Let f be h(237). What is the highest common divisor of b and f?
1
Let w be (-1 + -11 + 4)*(-1196 + 4). What is the greatest common divisor of w and 64?
64
Let j(r) = 17*r**2 + 6*r + 1. Let y be j(-5). Suppose 0 = -4*k + 2*x + 406 - 178, 7*k = -3*x + 360. What is the greatest common factor of y and k?
18
Let b be (30/(-40) + 0)/((-2)/960). What is the highest common factor of 200 and b?
40
Suppose b + 66*k - 63*k = 15750, 5*b - 78828 = -2*k. What is the greatest common divisor of 216 and b?
216
Let t(d) = -22*d - 18. Let o be t(8). Let p be 6/(-8) - 14/16*o. Calculate the greatest common divisor of 26 and p.
13
Suppose 15*k = 10*k + 50. Let c = k - 3. Suppose 7 = c*o - 7. What is the highest common factor of 2 and o?
2
Suppose -110*m = 111*m - 226*m + 1425. What is the greatest common divisor of m and 3021?
57
Suppose -2*r - 3 = u, r - 7 - 14 = -5*u. Suppose 3*l + 3 = 0, 2*b + 1 - 10 = u*l. What is the highest common divisor of b and 50?
2
Suppose -17*q - 172 = -21*q. Suppose 126*m = 122*m + 1376. Calculate the highest common factor of m and q.
43
Suppose -3*k - 10 + 28 = 0. Let w(y) = -y**2 + 28*y + 18. Let j(l) = 15*l + 238. Let h be j(-14). Let t be w(h). What is the highest common factor of t and k?
6
Let p(c) = -123*c + 1593. Let o be p(12). Let q = -2 + 4. Suppose -46 = -4*z + q*w, 0 = -3*z + 5*w + 13 + 11. What is the greatest common divisor of z and o?
13
Let k(t) = -1922*t + 1930. Let c be k(1). Calculate the greatest common factor of c and 338.
2
Let p be -1 - (0 - 3 - -2). Let b be (-21 + p)/(-3 - (-6 - -4)). Suppose -3*f = 2*g + 1 - 4, 3*g - f = b. Calculate the greatest common factor of 9 and g.
3
Let m(i) = 2*i**2 - 38. Let n be m(9). Suppose 19*r - 23*r = n. Let d = 50 + r. Calculate the greatest common factor of d and 133.
19
Suppose -57*x + 55*x = -20. Let s be x/14 + -1 + (-1224)/(-168). Suppose -2 = -5*g + 3. Calculate the greatest common factor of s and g.
1
Let l be (-4239)/(-18) - ((-7)/2 - -1). Let u = -291 + 333. What is the greatest common divisor of u and l?
14
Let t(s) = -s**2 - 36*s + 120. Let m be t(0). Suppose 3*g = 2*j + j - 36, -5*j + 4*g + 60 = 0. Calculate the highest common factor of j and m.
12
Suppose -186 = 2*g - 200. Let b be -4 - -162*